{"id":5016,"date":"2022-06-22T10:29:40","date_gmt":"2022-06-22T10:29:40","guid":{"rendered":"http:\/\/motoairbag.innovea.it\/apres-vente\/revision\/"},"modified":"2023-01-13T09:00:55","modified_gmt":"2023-01-13T09:00:55","slug":"revision","status":"publish","type":"page","link":"https:\/\/www.motoairbag.com\/fr\/apres-vente\/revision\/","title":{"rendered":"R\u00c9VISION"},"content":{"rendered":"<p>[vc_row disable_background_image=\u00a0\u00bb\u00a0\u00bb][vc_column][\/vc_column][vc_column_text]Les syst\u00e8mes d&rsquo;airbags MOTOAIRBAG\u00ae et\u00a0Powered by MOTOAIRBAG\u00ae DOIVENT \u00caTRE R\u00c9VIS\u00c9S lorsque\u00a0:<\/p>\n<ul>\n<li>Apr\u00e8s 4 ans \u00e0 compter de l&rsquo;achat ou de la derni\u00e8re r\u00e9vision<\/li>\n<li>Apr\u00e8s 6\/8 activations<\/li>\n<li>En cas d&rsquo;accident<\/li>\n<li>Lorsque la liste de contr\u00f4le \u00e9choue (voir manuel)<\/li>\n<\/ul>\n<p>EN CAS D&rsquo;ACCIDENT, NE PAS RECHARGER LE MOTOAIRBAG\u00ae, contacter l&rsquo;Assistance &#8211; des dommages internes non visibles pourraient emp\u00eacher le bon fonctionnement du MOTOAIRBAG\u00ae.<\/p>\n<p>D\u00e9lai de proc\u00e9dure: 48\/72h \u00e0 compter de la r\u00e9ception de l&rsquo;airbag.[\/vc_column_text][\/vc_row][vc_row disable_background_image=\u00a0\u00bb\u00a0\u00bb][vc_column][vc_custom_heading text=\u00a0\u00bbContactez le support:\u00a0\u00bb font_container=\u00a0\u00bbtag:h4|text_align:left\u00a0\u00bb use_theme_fonts=\u00a0\u00bbyes\u00a0\u00bb][vc_empty_space height=\u00a0\u00bb10px\u00a0\u00bb]<a itemprop=\"url\" href=\"mailto:assistenza@motoairbag.com\" target=\"_self\"  class=\"mkdf-btn mkdf-btn-medium mkdf-btn-predefined\"  >\n            <span class=\"mkdf-btn-predefined-line-holder\">\n            <span class=\"mkdf-btn-line-hidden\"><\/span>\n            <span class=\"mkdf-btn-text\">E-mail<\/span>\n\t        <span class=\"mkdf-btn-line\"><\/span>\n            <i class=\"mkdf-btn-predefined-icon mkdf-icon-ion-icon ion-ios-play \"><\/i>\n        <\/span>\n    <\/a>[vc_empty_space height=\u00a0\u00bb10px\u00a0\u00bb]<a itemprop=\"url\" href=\"https:\/\/wa.me\/message\/35DF2K6FQIFNH1\" target=\"_self\" style=\"background-color: #25d366;border-color: #25d366\" class=\"mkdf-btn mkdf-btn-medium mkdf-btn-predefined\"  >\n            <span class=\"mkdf-btn-predefined-line-holder\">\n            <span class=\"mkdf-btn-line-hidden\"><\/span>\n            <span class=\"mkdf-btn-text\">Whatsapp<\/span>\n\t        <span class=\"mkdf-btn-line\"><\/span>\n            <i class=\"mkdf-btn-predefined-icon mkdf-icon-ion-icon ion-ios-play \"><\/i>\n        <\/span>\n    <\/a>[\/vc_column][\/vc_row]<\/p>\n","protected":false},"excerpt":{"rendered":"<p>[vc_row disable_background_image=\u00a0\u00bb\u00a0\u00bb][vc_column][\/vc_column][vc_column_text]Les syst\u00e8mes d&rsquo;airbags MOTOAIRBAG\u00ae et\u00a0Powered by MOTOAIRBAG\u00ae DOIVENT \u00caTRE R\u00c9VIS\u00c9S lorsque\u00a0: Apr\u00e8s 4 ans \u00e0 compter de l&rsquo;achat ou de la derni\u00e8re r\u00e9vision Apr\u00e8s 6\/8 activations En cas d&rsquo;accident Lorsque la liste de contr\u00f4le \u00e9choue (voir manuel) EN CAS D&rsquo;ACCIDENT, NE PAS RECHARGER LE MOTOAIRBAG\u00ae, contacter l&rsquo;Assistance &#8211; des dommages [&hellip;]<\/p>\n","protected":false},"author":1,"featured_media":0,"parent":4999,"menu_order":0,"comment_status":"closed","ping_status":"closed","template":"","meta":{"footnotes":""},"class_list":["post-5016","page","type-page","status-publish","hentry"],"yoast_head":"<!-- This site is optimized with the Yoast SEO plugin v27.0 - https:\/\/yoast.com\/product\/yoast-seo-wordpress\/ -->\n<title>R\u00c9VISION - Motoairbag - L&#039;airbag per i motociclisti<\/title>\n<meta name=\"robots\" content=\"index, follow, max-snippet:-1, max-image-preview:large, max-video-preview:-1\" \/>\n<link rel=\"canonical\" href=\"https:\/\/www.motoairbag.com\/fr\/apres-vente\/revision\/\" \/>\n<meta property=\"og:locale\" content=\"fr_FR\" \/>\n<meta property=\"og:type\" content=\"article\" \/>\n<meta property=\"og:title\" content=\"R\u00c9VISION - Motoairbag - L&#039;airbag per i motociclisti\" \/>\n<meta property=\"og:description\" content=\"[vc_row disable_background_image=\u00a0\u00bb\u00a0\u00bb][vc_column][\/vc_column][vc_column_text]Les syst\u00e8mes d&rsquo;airbags MOTOAIRBAG\u00ae et\u00a0Powered by MOTOAIRBAG\u00ae DOIVENT \u00caTRE R\u00c9VIS\u00c9S lorsque\u00a0: Apr\u00e8s 4 ans \u00e0 compter de l&rsquo;achat ou de la derni\u00e8re r\u00e9vision Apr\u00e8s 6\/8 activations En cas d&rsquo;accident Lorsque la liste de contr\u00f4le \u00e9choue (voir manuel) EN CAS D&rsquo;ACCIDENT, NE PAS RECHARGER LE MOTOAIRBAG\u00ae, contacter l&rsquo;Assistance &#8211; des dommages [&hellip;]\" \/>\n<meta property=\"og:url\" content=\"https:\/\/www.motoairbag.com\/fr\/apres-vente\/revision\/\" \/>\n<meta property=\"og:site_name\" content=\"Motoairbag - L&#039;airbag per i motociclisti\" \/>\n<meta property=\"article:modified_time\" content=\"2023-01-13T09:00:55+00:00\" \/>\n<meta name=\"twitter:card\" content=\"summary_large_image\" \/>\n<meta name=\"twitter:label1\" content=\"Dur\u00e9e de lecture estim\u00e9e\" \/>\n\t<meta name=\"twitter:data1\" content=\"1 minute\" \/>\n<script type=\"application\/ld+json\" class=\"yoast-schema-graph\">{\"@context\":\"https:\/\/schema.org\",\"@graph\":[{\"@type\":\"WebPage\",\"@id\":\"https:\/\/www.motoairbag.com\/fr\/apres-vente\/revision\/\",\"url\":\"https:\/\/www.motoairbag.com\/fr\/apres-vente\/revision\/\",\"name\":\"R\u00c9VISION - Motoairbag - L&#039;airbag per i motociclisti\",\"isPartOf\":{\"@id\":\"https:\/\/www.motoairbag.com\/#website\"},\"datePublished\":\"2022-06-22T10:29:40+00:00\",\"dateModified\":\"2023-01-13T09:00:55+00:00\",\"breadcrumb\":{\"@id\":\"https:\/\/www.motoairbag.com\/fr\/apres-vente\/revision\/#breadcrumb\"},\"inLanguage\":\"fr-FR\",\"potentialAction\":[{\"@type\":\"ReadAction\",\"target\":[\"https:\/\/www.motoairbag.com\/fr\/apres-vente\/revision\/\"]}]},{\"@type\":\"BreadcrumbList\",\"@id\":\"https:\/\/www.motoairbag.com\/fr\/apres-vente\/revision\/#breadcrumb\",\"itemListElement\":[{\"@type\":\"ListItem\",\"position\":1,\"name\":\"Home\",\"item\":\"https:\/\/www.motoairbag.com\/fr\/\"},{\"@type\":\"ListItem\",\"position\":2,\"name\":\"Apr\u00e8s vente\",\"item\":\"https:\/\/www.motoairbag.com\/fr\/apres-vente\/\"},{\"@type\":\"ListItem\",\"position\":3,\"name\":\"R\u00c9VISION\"}]},{\"@type\":\"WebSite\",\"@id\":\"https:\/\/www.motoairbag.com\/#website\",\"url\":\"https:\/\/www.motoairbag.com\/\",\"name\":\"Motoairbag - L&#039;airbag per i motociclisti\",\"description\":\"\",\"publisher\":{\"@id\":\"https:\/\/www.motoairbag.com\/#organization\"},\"potentialAction\":[{\"@type\":\"SearchAction\",\"target\":{\"@type\":\"EntryPoint\",\"urlTemplate\":\"https:\/\/www.motoairbag.com\/?s={search_term_string}\"},\"query-input\":{\"@type\":\"PropertyValueSpecification\",\"valueRequired\":true,\"valueName\":\"search_term_string\"}}],\"inLanguage\":\"fr-FR\"},{\"@type\":\"Organization\",\"@id\":\"https:\/\/www.motoairbag.com\/#organization\",\"name\":\"Motoairbag - L&#039;airbag per i motociclisti\",\"url\":\"https:\/\/www.motoairbag.com\/\",\"logo\":{\"@type\":\"ImageObject\",\"inLanguage\":\"fr-FR\",\"@id\":\"https:\/\/www.motoairbag.com\/#\/schema\/logo\/image\/\",\"url\":\"https:\/\/www.motoairbag.com\/wp-content\/uploads\/2022\/11\/logo-final.jpg\",\"contentUrl\":\"https:\/\/www.motoairbag.com\/wp-content\/uploads\/2022\/11\/logo-final.jpg\",\"width\":609,\"height\":80,\"caption\":\"Motoairbag - L&#039;airbag per i motociclisti\"},\"image\":{\"@id\":\"https:\/\/www.motoairbag.com\/#\/schema\/logo\/image\/\"}}]}<\/script>\n<!-- \/ Yoast SEO plugin. -->","yoast_head_json":{"title":"R\u00c9VISION - Motoairbag - L&#039;airbag per i motociclisti","robots":{"index":"index","follow":"follow","max-snippet":"max-snippet:-1","max-image-preview":"max-image-preview:large","max-video-preview":"max-video-preview:-1"},"canonical":"https:\/\/www.motoairbag.com\/fr\/apres-vente\/revision\/","og_locale":"fr_FR","og_type":"article","og_title":"R\u00c9VISION - Motoairbag - L&#039;airbag per i motociclisti","og_description":"[vc_row disable_background_image=\u00a0\u00bb\u00a0\u00bb][vc_column][\/vc_column][vc_column_text]Les syst\u00e8mes d&rsquo;airbags MOTOAIRBAG\u00ae et\u00a0Powered by MOTOAIRBAG\u00ae DOIVENT \u00caTRE R\u00c9VIS\u00c9S lorsque\u00a0: Apr\u00e8s 4 ans \u00e0 compter de l&rsquo;achat ou de la derni\u00e8re r\u00e9vision Apr\u00e8s 6\/8 activations En cas d&rsquo;accident Lorsque la liste de contr\u00f4le \u00e9choue (voir manuel) EN CAS D&rsquo;ACCIDENT, NE PAS RECHARGER LE MOTOAIRBAG\u00ae, contacter l&rsquo;Assistance &#8211; des dommages [&hellip;]","og_url":"https:\/\/www.motoairbag.com\/fr\/apres-vente\/revision\/","og_site_name":"Motoairbag - L&#039;airbag per i motociclisti","article_modified_time":"2023-01-13T09:00:55+00:00","twitter_card":"summary_large_image","twitter_misc":{"Dur\u00e9e de lecture estim\u00e9e":"1 minute"},"schema":{"@context":"https:\/\/schema.org","@graph":[{"@type":"WebPage","@id":"https:\/\/www.motoairbag.com\/fr\/apres-vente\/revision\/","url":"https:\/\/www.motoairbag.com\/fr\/apres-vente\/revision\/","name":"R\u00c9VISION - Motoairbag - L&#039;airbag per i motociclisti","isPartOf":{"@id":"https:\/\/www.motoairbag.com\/#website"},"datePublished":"2022-06-22T10:29:40+00:00","dateModified":"2023-01-13T09:00:55+00:00","breadcrumb":{"@id":"https:\/\/www.motoairbag.com\/fr\/apres-vente\/revision\/#breadcrumb"},"inLanguage":"fr-FR","potentialAction":[{"@type":"ReadAction","target":["https:\/\/www.motoairbag.com\/fr\/apres-vente\/revision\/"]}]},{"@type":"BreadcrumbList","@id":"https:\/\/www.motoairbag.com\/fr\/apres-vente\/revision\/#breadcrumb","itemListElement":[{"@type":"ListItem","position":1,"name":"Home","item":"https:\/\/www.motoairbag.com\/fr\/"},{"@type":"ListItem","position":2,"name":"Apr\u00e8s vente","item":"https:\/\/www.motoairbag.com\/fr\/apres-vente\/"},{"@type":"ListItem","position":3,"name":"R\u00c9VISION"}]},{"@type":"WebSite","@id":"https:\/\/www.motoairbag.com\/#website","url":"https:\/\/www.motoairbag.com\/","name":"Motoairbag - L&#039;airbag per i motociclisti","description":"","publisher":{"@id":"https:\/\/www.motoairbag.com\/#organization"},"potentialAction":[{"@type":"SearchAction","target":{"@type":"EntryPoint","urlTemplate":"https:\/\/www.motoairbag.com\/?s={search_term_string}"},"query-input":{"@type":"PropertyValueSpecification","valueRequired":true,"valueName":"search_term_string"}}],"inLanguage":"fr-FR"},{"@type":"Organization","@id":"https:\/\/www.motoairbag.com\/#organization","name":"Motoairbag - L&#039;airbag per i motociclisti","url":"https:\/\/www.motoairbag.com\/","logo":{"@type":"ImageObject","inLanguage":"fr-FR","@id":"https:\/\/www.motoairbag.com\/#\/schema\/logo\/image\/","url":"https:\/\/www.motoairbag.com\/wp-content\/uploads\/2022\/11\/logo-final.jpg","contentUrl":"https:\/\/www.motoairbag.com\/wp-content\/uploads\/2022\/11\/logo-final.jpg","width":609,"height":80,"caption":"Motoairbag - L&#039;airbag per i motociclisti"},"image":{"@id":"https:\/\/www.motoairbag.com\/#\/schema\/logo\/image\/"}}]}},"_links":{"self":[{"href":"https:\/\/www.motoairbag.com\/fr\/wp-json\/wp\/v2\/pages\/5016","targetHints":{"allow":["GET"]}}],"collection":[{"href":"https:\/\/www.motoairbag.com\/fr\/wp-json\/wp\/v2\/pages"}],"about":[{"href":"https:\/\/www.motoairbag.com\/fr\/wp-json\/wp\/v2\/types\/page"}],"author":[{"embeddable":true,"href":"https:\/\/www.motoairbag.com\/fr\/wp-json\/wp\/v2\/users\/1"}],"replies":[{"embeddable":true,"href":"https:\/\/www.motoairbag.com\/fr\/wp-json\/wp\/v2\/comments?post=5016"}],"version-history":[{"count":2,"href":"https:\/\/www.motoairbag.com\/fr\/wp-json\/wp\/v2\/pages\/5016\/revisions"}],"predecessor-version":[{"id":5018,"href":"https:\/\/www.motoairbag.com\/fr\/wp-json\/wp\/v2\/pages\/5016\/revisions\/5018"}],"up":[{"embeddable":true,"href":"https:\/\/www.motoairbag.com\/fr\/wp-json\/wp\/v2\/pages\/4999"}],"wp:attachment":[{"href":"https:\/\/www.motoairbag.com\/fr\/wp-json\/wp\/v2\/media?parent=5016"}],"curies":[{"name":"wp","href":"https:\/\/api.w.org\/{rel}","templated":true}]}}

RÉVISION

<p>[vc_row disable_background_image= » »][vc_column][/vc_column][vc_column_text]Les systèmes d&rsquo;airbags MOTOAIRBAG® et Powered by MOTOAIRBAG® DOIVENT ÊTRE RÉVISÉS lorsque :</p>
<ul>
<li>Après 4 ans à compter de l&rsquo;achat ou de la dernière révision</li>
<li>Après 6/8 activations</li>
<li>En cas d&rsquo;accident</li>
<li>Lorsque la liste de contrôle échoue (voir manuel)</li>
</ul>
<p>EN CAS D&rsquo;ACCIDENT, NE PAS RECHARGER LE MOTOAIRBAG®, contacter l&rsquo;Assistance &#8211; des dommages internes non visibles pourraient empêcher le bon fonctionnement du MOTOAIRBAG®.</p>
<p>Délai de procédure: 48/72h à compter de la réception de l&rsquo;airbag.[/vc_column_text][/vc_row][vc_row disable_background_image= » »][vc_column][vc_custom_heading text= »Contactez le support: » font_container= »tag:h4|text_align:left » use_theme_fonts= »yes »][vc_empty_space height= »10px »]<a itemprop="url" href="mailto:assistenza@motoairbag.com" target="_self"  class="mkdf-btn mkdf-btn-medium mkdf-btn-predefined"  >
            <span class="mkdf-btn-predefined-line-holder">
            <span class="mkdf-btn-line-hidden"></span>
            <span class="mkdf-btn-text">E-mail</span>
	        <span class="mkdf-btn-line"></span>
            <i class="mkdf-btn-predefined-icon mkdf-icon-ion-icon ion-ios-play "></i>
        </span>
    </a>[vc_empty_space height= »10px »]<a itemprop="url" href="https://wa.me/message/35DF2K6FQIFNH1" target="_self" style="background-color: #25d366;border-color: #25d366" class="mkdf-btn mkdf-btn-medium mkdf-btn-predefined"  >
            <span class="mkdf-btn-predefined-line-holder">
            <span class="mkdf-btn-line-hidden"></span>
            <span class="mkdf-btn-text">Whatsapp</span>
	        <span class="mkdf-btn-line"></span>
            <i class="mkdf-btn-predefined-icon mkdf-icon-ion-icon ion-ios-play "></i>
        </span>
    </a>[/vc_column][/vc_row]</p>

<p>[vc_row disable_background_image= » »][vc_column][/vc_column][vc_column_text]Les systèmes d&rsquo;airbags MOTOAIRBAG® et Powered by MOTOAIRBAG® DOIVENT ÊTRE RÉVISÉS lorsque : Après 4 ans à compter de l&rsquo;achat ou de la dernière révision Après 6/8 activations En cas d&rsquo;accident Lorsque la liste de contrôle échoue (voir manuel) EN CAS D&rsquo;ACCIDENT, NE PAS RECHARGER LE MOTOAIRBAG®, contacter l&rsquo;Assistance &#8211; des dommages [&hellip;]</p>

<!-- This site is optimized with the Yoast SEO plugin v27.0 - https://yoast.com/product/yoast-seo-wordpress/ -->
<title>RÉVISION - Motoairbag - L&#039;airbag per i motociclisti</title>
<meta name="robots" content="index, follow, max-snippet:-1, max-image-preview:large, max-video-preview:-1" />
<link rel="canonical" href="https://www.motoairbag.com/fr/apres-vente/revision/" />
<meta property="og:locale" content="fr_FR" />
<meta property="og:type" content="article" />
<meta property="og:title" content="RÉVISION - Motoairbag - L&#039;airbag per i motociclisti" />
<meta property="og:description" content="[vc_row disable_background_image= » »][vc_column][/vc_column][vc_column_text]Les systèmes d&rsquo;airbags MOTOAIRBAG® et Powered by MOTOAIRBAG® DOIVENT ÊTRE RÉVISÉS lorsque : Après 4 ans à compter de l&rsquo;achat ou de la dernière révision Après 6/8 activations En cas d&rsquo;accident Lorsque la liste de contrôle échoue (voir manuel) EN CAS D&rsquo;ACCIDENT, NE PAS RECHARGER LE MOTOAIRBAG®, contacter l&rsquo;Assistance &#8211; des dommages [&hellip;]" />
<meta property="og:url" content="https://www.motoairbag.com/fr/apres-vente/revision/" />
<meta property="og:site_name" content="Motoairbag - L&#039;airbag per i motociclisti" />
<meta property="article:modified_time" content="2023-01-13T09:00:55+00:00" />
<meta name="twitter:card" content="summary_large_image" />
<meta name="twitter:label1" content="Durée de lecture estimée" />
	<meta name="twitter:data1" content="1 minute" />
<script type="application/ld+json" class="yoast-schema-graph">{"@context":"https://schema.org","@graph":[{"@type":"WebPage","@id":"https://www.motoairbag.com/fr/apres-vente/revision/","url":"https://www.motoairbag.com/fr/apres-vente/revision/","name":"RÉVISION - Motoairbag - L&#039;airbag per i motociclisti","isPartOf":{"@id":"https://www.motoairbag.com/#website"},"datePublished":"2022-06-22T10:29:40+00:00","dateModified":"2023-01-13T09:00:55+00:00","breadcrumb":{"@id":"https://www.motoairbag.com/fr/apres-vente/revision/#breadcrumb"},"inLanguage":"fr-FR","potentialAction":[{"@type":"ReadAction","target":["https://www.motoairbag.com/fr/apres-vente/revision/"]}]},{"@type":"BreadcrumbList","@id":"https://www.motoairbag.com/fr/apres-vente/revision/#breadcrumb","itemListElement":[{"@type":"ListItem","position":1,"name":"Home","item":"https://www.motoairbag.com/fr/"},{"@type":"ListItem","position":2,"name":"Après vente","item":"https://www.motoairbag.com/fr/apres-vente/"},{"@type":"ListItem","position":3,"name":"RÉVISION"}]},{"@type":"WebSite","@id":"https://www.motoairbag.com/#website","url":"https://www.motoairbag.com/","name":"Motoairbag - L&#039;airbag per i motociclisti","description":"","publisher":{"@id":"https://www.motoairbag.com/#organization"},"potentialAction":[{"@type":"SearchAction","target":{"@type":"EntryPoint","urlTemplate":"https://www.motoairbag.com/?s={search_term_string}"},"query-input":{"@type":"PropertyValueSpecification","valueRequired":true,"valueName":"search_term_string"}}],"inLanguage":"fr-FR"},{"@type":"Organization","@id":"https://www.motoairbag.com/#organization","name":"Motoairbag - L&#039;airbag per i motociclisti","url":"https://www.motoairbag.com/","logo":{"@type":"ImageObject","inLanguage":"fr-FR","@id":"https://www.motoairbag.com/#/schema/logo/image/","url":"https://www.motoairbag.com/wp-content/uploads/2022/11/logo-final.jpg","contentUrl":"https://www.motoairbag.com/wp-content/uploads/2022/11/logo-final.jpg","width":609,"height":80,"caption":"Motoairbag - L&#039;airbag per i motociclisti"},"image":{"@id":"https://www.motoairbag.com/#/schema/logo/image/"}}]}</script>
<!-- / Yoast SEO plugin. -->

RÉVISION - Motoairbag - L&#039;airbag per i motociclisti

[vc_row disable_background_image= » »][vc_column][/vc_column][vc_column_text]Les systèmes d&rsquo;airbags MOTOAIRBAG® et Powered by MOTOAIRBAG® DOIVENT ÊTRE RÉVISÉS lorsque : Après 4 ans à compter de l&rsquo;achat ou de la dernière révision Après 6/8 activations En cas d&rsquo;accident Lorsque la liste de contrôle échoue (voir manuel) EN CAS D&rsquo;ACCIDENT, NE PAS RECHARGER LE MOTOAIRBAG®, contacter l&rsquo;Assistance &#8211; des dommages [&hellip;]

Après vente
