{"id":7967,"date":"2023-11-28T10:34:43","date_gmt":"2023-11-28T10:34:43","guid":{"rendered":"https:\/\/www.motoairbag.com\/?post_type=product&#038;p=7967"},"modified":"2026-03-30T08:57:25","modified_gmt":"2026-03-30T08:57:25","slug":"chaqueta-mab-v4","status":"publish","type":"product","link":"https:\/\/www.motoairbag.com\/es\/shop\/accesorios-y-recargas\/chaqueta-mab-v4\/","title":{"rendered":"CHAQUETA MAB V4"},"content":{"rendered":"<p>Dise\u00f1ada para permitir una circulaci\u00f3n natural del aire: el aire entra por los brazos y se difunde por todo el cuerpo, manteni\u00e9ndolo siempre fresco y ventilado.<\/p>\n<p>La parte delantera y trasera, extremadamente perforadas, favorecen el flujo de aire.<\/p>\n<p>No compatible con el modelo V3 ni con otros modelos y NO puede usarse sola: debe llevarse exclusivamente en combinaci\u00f3n con el MOTOAIRBAG.<\/p>\n","protected":false},"excerpt":{"rendered":"<p data-start=\"2275\" data-end=\"2566\">Chaqueta de primavera\/verano perfecta para quienes buscan comodidad y seguridad, compatible exclusivamente con los modelos MAB V4 y MAB V4 MODULAR.<br data-start=\"2441\" data-end=\"2444\" \/>Equipada con protecciones r\u00edgidas en hombros y codos EN1621-1 Nivel 2, garantiza protecci\u00f3n sin renunciar a la ligereza.<\/p>\n<p data-start=\"2568\" data-end=\"2690\">Dise\u00f1ada para usarse junto con el chaleco MOTOAIRBAG V4, ofrece una soluci\u00f3n completa y segura para cada salida en moto.<\/p>\n<p data-start=\"2692\" data-end=\"2839\">Fabricada en poli\u00e9ster de alta tenacidad, resiste el uso diario manteniendo la comodidad y la transpirabilidad incluso en los d\u00edas m\u00e1s calurosos.<\/p>\n<p data-start=\"2841\" data-end=\"2949\">Disponible en tres tallas, f\u00e1cil de lavar y lista para convertirse en tu compa\u00f1era ideal de viaje en moto.<\/p>\n","protected":false},"featured_media":7280,"template":"","meta":[],"product_brand":[],"product_cat":[123],"product_tag":[],"class_list":{"0":"post-7967","1":"product","2":"type-product","3":"status-publish","4":"has-post-thumbnail","6":"product_cat-accesorios-y-recargas","8":"first","9":"instock","10":"taxable","11":"shipping-taxable","12":"purchasable","13":"product-type-variable"},"yoast_head":"<!-- This site is optimized with the Yoast SEO plugin v27.0 - https:\/\/yoast.com\/product\/yoast-seo-wordpress\/ -->\n<title>CHAQUETA MAB V4 - Motoairbag - L&#039;airbag per i motociclisti<\/title>\n<meta name=\"robots\" content=\"index, follow, max-snippet:-1, max-image-preview:large, max-video-preview:-1\" \/>\n<link rel=\"canonical\" href=\"https:\/\/www.motoairbag.com\/es\/shop\/accesorios-y-recargas\/chaqueta-mab-v4\/\" \/>\n<meta property=\"og:locale\" content=\"es_ES\" \/>\n<meta property=\"og:type\" content=\"article\" \/>\n<meta property=\"og:title\" content=\"CHAQUETA MAB V4 - Motoairbag - L&#039;airbag per i motociclisti\" \/>\n<meta property=\"og:description\" content=\"Chaqueta de primavera\/verano perfecta para quienes buscan comodidad y seguridad, compatible exclusivamente con los modelos MAB V4 y MAB V4 MODULAR.Equipada con protecciones r\u00edgidas en hombros y codos EN1621-1 Nivel 2, garantiza protecci\u00f3n sin renunciar a la ligereza. Dise\u00f1ada para usarse junto con el chaleco MOTOAIRBAG V4, ofrece una soluci\u00f3n completa y segura para cada salida en moto. Fabricada en poli\u00e9ster de alta tenacidad, resiste el uso diario manteniendo la comodidad y la transpirabilidad incluso en los d\u00edas m\u00e1s calurosos. Disponible en tres tallas, f\u00e1cil de lavar y lista para convertirse en tu compa\u00f1era ideal de viaje en moto.\" \/>\n<meta property=\"og:url\" content=\"https:\/\/www.motoairbag.com\/es\/shop\/accesorios-y-recargas\/chaqueta-mab-v4\/\" \/>\n<meta property=\"og:site_name\" content=\"Motoairbag - L&#039;airbag per i motociclisti\" \/>\n<meta property=\"article:modified_time\" content=\"2026-03-30T08:57:25+00:00\" \/>\n<meta property=\"og:image\" content=\"https:\/\/www.motoairbag.com\/wp-content\/uploads\/2022\/06\/maniche1_rid-scaled.jpg\" \/>\n\t<meta property=\"og:image:width\" content=\"2560\" \/>\n\t<meta property=\"og:image:height\" content=\"2560\" \/>\n\t<meta property=\"og:image:type\" content=\"image\/jpeg\" \/>\n<meta name=\"twitter:card\" content=\"summary_large_image\" \/>\n<meta name=\"twitter:label1\" content=\"Tiempo de lectura\" \/>\n\t<meta name=\"twitter:data1\" content=\"1 minuto\" \/>\n<script type=\"application\/ld+json\" class=\"yoast-schema-graph\">{\"@context\":\"https:\/\/schema.org\",\"@graph\":[{\"@type\":\"WebPage\",\"@id\":\"https:\/\/www.motoairbag.com\/es\/shop\/accesorios-y-recargas\/chaqueta-mab-v4\/\",\"url\":\"https:\/\/www.motoairbag.com\/es\/shop\/accesorios-y-recargas\/chaqueta-mab-v4\/\",\"name\":\"CHAQUETA MAB V4 - Motoairbag - L&#039;airbag per i motociclisti\",\"isPartOf\":{\"@id\":\"https:\/\/www.motoairbag.com\/#website\"},\"primaryImageOfPage\":{\"@id\":\"https:\/\/www.motoairbag.com\/es\/shop\/accesorios-y-recargas\/chaqueta-mab-v4\/#primaryimage\"},\"image\":{\"@id\":\"https:\/\/www.motoairbag.com\/es\/shop\/accesorios-y-recargas\/chaqueta-mab-v4\/#primaryimage\"},\"thumbnailUrl\":\"https:\/\/www.motoairbag.com\/wp-content\/uploads\/2022\/06\/maniche1_rid-scaled.jpg\",\"datePublished\":\"2023-11-28T10:34:43+00:00\",\"dateModified\":\"2026-03-30T08:57:25+00:00\",\"breadcrumb\":{\"@id\":\"https:\/\/www.motoairbag.com\/es\/shop\/accesorios-y-recargas\/chaqueta-mab-v4\/#breadcrumb\"},\"inLanguage\":\"es\",\"potentialAction\":[{\"@type\":\"ReadAction\",\"target\":[\"https:\/\/www.motoairbag.com\/es\/shop\/accesorios-y-recargas\/chaqueta-mab-v4\/\"]}]},{\"@type\":\"ImageObject\",\"inLanguage\":\"es\",\"@id\":\"https:\/\/www.motoairbag.com\/es\/shop\/accesorios-y-recargas\/chaqueta-mab-v4\/#primaryimage\",\"url\":\"https:\/\/www.motoairbag.com\/wp-content\/uploads\/2022\/06\/maniche1_rid-scaled.jpg\",\"contentUrl\":\"https:\/\/www.motoairbag.com\/wp-content\/uploads\/2022\/06\/maniche1_rid-scaled.jpg\",\"width\":2560,\"height\":2560},{\"@type\":\"BreadcrumbList\",\"@id\":\"https:\/\/www.motoairbag.com\/es\/shop\/accesorios-y-recargas\/chaqueta-mab-v4\/#breadcrumb\",\"itemListElement\":[{\"@type\":\"ListItem\",\"position\":1,\"name\":\"Home\",\"item\":\"https:\/\/www.motoairbag.com\/es\/\"},{\"@type\":\"ListItem\",\"position\":2,\"name\":\"Shop\",\"item\":\"https:\/\/www.motoairbag.com\/shop\/\"},{\"@type\":\"ListItem\",\"position\":3,\"name\":\"CHAQUETA MAB V4\"}]},{\"@type\":\"WebSite\",\"@id\":\"https:\/\/www.motoairbag.com\/#website\",\"url\":\"https:\/\/www.motoairbag.com\/\",\"name\":\"Motoairbag - L&#039;airbag per i motociclisti\",\"description\":\"\",\"publisher\":{\"@id\":\"https:\/\/www.motoairbag.com\/#organization\"},\"potentialAction\":[{\"@type\":\"SearchAction\",\"target\":{\"@type\":\"EntryPoint\",\"urlTemplate\":\"https:\/\/www.motoairbag.com\/?s={search_term_string}\"},\"query-input\":{\"@type\":\"PropertyValueSpecification\",\"valueRequired\":true,\"valueName\":\"search_term_string\"}}],\"inLanguage\":\"es\"},{\"@type\":\"Organization\",\"@id\":\"https:\/\/www.motoairbag.com\/#organization\",\"name\":\"Motoairbag - L&#039;airbag per i motociclisti\",\"url\":\"https:\/\/www.motoairbag.com\/\",\"logo\":{\"@type\":\"ImageObject\",\"inLanguage\":\"es\",\"@id\":\"https:\/\/www.motoairbag.com\/#\/schema\/logo\/image\/\",\"url\":\"https:\/\/www.motoairbag.com\/wp-content\/uploads\/2022\/11\/logo-final.jpg\",\"contentUrl\":\"https:\/\/www.motoairbag.com\/wp-content\/uploads\/2022\/11\/logo-final.jpg\",\"width\":609,\"height\":80,\"caption\":\"Motoairbag - L&#039;airbag per i motociclisti\"},\"image\":{\"@id\":\"https:\/\/www.motoairbag.com\/#\/schema\/logo\/image\/\"}}]}<\/script>\n<!-- \/ Yoast SEO plugin. -->","yoast_head_json":{"title":"CHAQUETA MAB V4 - Motoairbag - L&#039;airbag per i motociclisti","robots":{"index":"index","follow":"follow","max-snippet":"max-snippet:-1","max-image-preview":"max-image-preview:large","max-video-preview":"max-video-preview:-1"},"canonical":"https:\/\/www.motoairbag.com\/es\/shop\/accesorios-y-recargas\/chaqueta-mab-v4\/","og_locale":"es_ES","og_type":"article","og_title":"CHAQUETA MAB V4 - Motoairbag - L&#039;airbag per i motociclisti","og_description":"Chaqueta de primavera\/verano perfecta para quienes buscan comodidad y seguridad, compatible exclusivamente con los modelos MAB V4 y MAB V4 MODULAR.Equipada con protecciones r\u00edgidas en hombros y codos EN1621-1 Nivel 2, garantiza protecci\u00f3n sin renunciar a la ligereza. Dise\u00f1ada para usarse junto con el chaleco MOTOAIRBAG V4, ofrece una soluci\u00f3n completa y segura para cada salida en moto. Fabricada en poli\u00e9ster de alta tenacidad, resiste el uso diario manteniendo la comodidad y la transpirabilidad incluso en los d\u00edas m\u00e1s calurosos. Disponible en tres tallas, f\u00e1cil de lavar y lista para convertirse en tu compa\u00f1era ideal de viaje en moto.","og_url":"https:\/\/www.motoairbag.com\/es\/shop\/accesorios-y-recargas\/chaqueta-mab-v4\/","og_site_name":"Motoairbag - L&#039;airbag per i motociclisti","article_modified_time":"2026-03-30T08:57:25+00:00","og_image":[{"width":2560,"height":2560,"url":"https:\/\/www.motoairbag.com\/wp-content\/uploads\/2022\/06\/maniche1_rid-scaled.jpg","type":"image\/jpeg"}],"twitter_card":"summary_large_image","twitter_misc":{"Tiempo de lectura":"1 minuto"},"schema":{"@context":"https:\/\/schema.org","@graph":[{"@type":"WebPage","@id":"https:\/\/www.motoairbag.com\/es\/shop\/accesorios-y-recargas\/chaqueta-mab-v4\/","url":"https:\/\/www.motoairbag.com\/es\/shop\/accesorios-y-recargas\/chaqueta-mab-v4\/","name":"CHAQUETA MAB V4 - Motoairbag - L&#039;airbag per i motociclisti","isPartOf":{"@id":"https:\/\/www.motoairbag.com\/#website"},"primaryImageOfPage":{"@id":"https:\/\/www.motoairbag.com\/es\/shop\/accesorios-y-recargas\/chaqueta-mab-v4\/#primaryimage"},"image":{"@id":"https:\/\/www.motoairbag.com\/es\/shop\/accesorios-y-recargas\/chaqueta-mab-v4\/#primaryimage"},"thumbnailUrl":"https:\/\/www.motoairbag.com\/wp-content\/uploads\/2022\/06\/maniche1_rid-scaled.jpg","datePublished":"2023-11-28T10:34:43+00:00","dateModified":"2026-03-30T08:57:25+00:00","breadcrumb":{"@id":"https:\/\/www.motoairbag.com\/es\/shop\/accesorios-y-recargas\/chaqueta-mab-v4\/#breadcrumb"},"inLanguage":"es","potentialAction":[{"@type":"ReadAction","target":["https:\/\/www.motoairbag.com\/es\/shop\/accesorios-y-recargas\/chaqueta-mab-v4\/"]}]},{"@type":"ImageObject","inLanguage":"es","@id":"https:\/\/www.motoairbag.com\/es\/shop\/accesorios-y-recargas\/chaqueta-mab-v4\/#primaryimage","url":"https:\/\/www.motoairbag.com\/wp-content\/uploads\/2022\/06\/maniche1_rid-scaled.jpg","contentUrl":"https:\/\/www.motoairbag.com\/wp-content\/uploads\/2022\/06\/maniche1_rid-scaled.jpg","width":2560,"height":2560},{"@type":"BreadcrumbList","@id":"https:\/\/www.motoairbag.com\/es\/shop\/accesorios-y-recargas\/chaqueta-mab-v4\/#breadcrumb","itemListElement":[{"@type":"ListItem","position":1,"name":"Home","item":"https:\/\/www.motoairbag.com\/es\/"},{"@type":"ListItem","position":2,"name":"Shop","item":"https:\/\/www.motoairbag.com\/shop\/"},{"@type":"ListItem","position":3,"name":"CHAQUETA MAB V4"}]},{"@type":"WebSite","@id":"https:\/\/www.motoairbag.com\/#website","url":"https:\/\/www.motoairbag.com\/","name":"Motoairbag - L&#039;airbag per i motociclisti","description":"","publisher":{"@id":"https:\/\/www.motoairbag.com\/#organization"},"potentialAction":[{"@type":"SearchAction","target":{"@type":"EntryPoint","urlTemplate":"https:\/\/www.motoairbag.com\/?s={search_term_string}"},"query-input":{"@type":"PropertyValueSpecification","valueRequired":true,"valueName":"search_term_string"}}],"inLanguage":"es"},{"@type":"Organization","@id":"https:\/\/www.motoairbag.com\/#organization","name":"Motoairbag - L&#039;airbag per i motociclisti","url":"https:\/\/www.motoairbag.com\/","logo":{"@type":"ImageObject","inLanguage":"es","@id":"https:\/\/www.motoairbag.com\/#\/schema\/logo\/image\/","url":"https:\/\/www.motoairbag.com\/wp-content\/uploads\/2022\/11\/logo-final.jpg","contentUrl":"https:\/\/www.motoairbag.com\/wp-content\/uploads\/2022\/11\/logo-final.jpg","width":609,"height":80,"caption":"Motoairbag - L&#039;airbag per i motociclisti"},"image":{"@id":"https:\/\/www.motoairbag.com\/#\/schema\/logo\/image\/"}}]}},"_links":{"self":[{"href":"https:\/\/www.motoairbag.com\/es\/wp-json\/wp\/v2\/product\/7967","targetHints":{"allow":["GET"]}}],"collection":[{"href":"https:\/\/www.motoairbag.com\/es\/wp-json\/wp\/v2\/product"}],"about":[{"href":"https:\/\/www.motoairbag.com\/es\/wp-json\/wp\/v2\/types\/product"}],"wp:featuredmedia":[{"embeddable":true,"href":"https:\/\/www.motoairbag.com\/es\/wp-json\/wp\/v2\/media\/7280"}],"wp:attachment":[{"href":"https:\/\/www.motoairbag.com\/es\/wp-json\/wp\/v2\/media?parent=7967"}],"wp:term":[{"taxonomy":"product_brand","embeddable":true,"href":"https:\/\/www.motoairbag.com\/es\/wp-json\/wp\/v2\/product_brand?post=7967"},{"taxonomy":"product_cat","embeddable":true,"href":"https:\/\/www.motoairbag.com\/es\/wp-json\/wp\/v2\/product_cat?post=7967"},{"taxonomy":"product_tag","embeddable":true,"href":"https:\/\/www.motoairbag.com\/es\/wp-json\/wp\/v2\/product_tag?post=7967"}],"curies":[{"name":"wp","href":"https:\/\/api.w.org\/{rel}","templated":true}]}}

<p>Diseñada para permitir una circulación natural del aire: el aire entra por los brazos y se difunde por todo el cuerpo, manteniéndolo siempre fresco y ventilado.</p>
<p>La parte delantera y trasera, extremadamente perforadas, favorecen el flujo de aire.</p>
<p>No compatible con el modelo V3 ni con otros modelos y NO puede usarse sola: debe llevarse exclusivamente en combinación con el MOTOAIRBAG.</p>

<p data-start="2275" data-end="2566">Chaqueta de primavera/verano perfecta para quienes buscan comodidad y seguridad, compatible exclusivamente con los modelos MAB V4 y MAB V4 MODULAR.<br data-start="2441" data-end="2444" />Equipada con protecciones rígidas en hombros y codos EN1621-1 Nivel 2, garantiza protección sin renunciar a la ligereza.</p>
<p data-start="2568" data-end="2690">Diseñada para usarse junto con el chaleco MOTOAIRBAG V4, ofrece una solución completa y segura para cada salida en moto.</p>
<p data-start="2692" data-end="2839">Fabricada en poliéster de alta tenacidad, resiste el uso diario manteniendo la comodidad y la transpirabilidad incluso en los días más calurosos.</p>
<p data-start="2841" data-end="2949">Disponible en tres tallas, fácil de lavar y lista para convertirse en tu compañera ideal de viaje en moto.</p>

<!-- This site is optimized with the Yoast SEO plugin v27.0 - https://yoast.com/product/yoast-seo-wordpress/ -->
<title>CHAQUETA MAB V4 - Motoairbag - L&#039;airbag per i motociclisti</title>
<meta name="robots" content="index, follow, max-snippet:-1, max-image-preview:large, max-video-preview:-1" />
<link rel="canonical" href="https://www.motoairbag.com/es/shop/accesorios-y-recargas/chaqueta-mab-v4/" />
<meta property="og:locale" content="es_ES" />
<meta property="og:type" content="article" />
<meta property="og:title" content="CHAQUETA MAB V4 - Motoairbag - L&#039;airbag per i motociclisti" />
<meta property="og:description" content="Chaqueta de primavera/verano perfecta para quienes buscan comodidad y seguridad, compatible exclusivamente con los modelos MAB V4 y MAB V4 MODULAR.Equipada con protecciones rígidas en hombros y codos EN1621-1 Nivel 2, garantiza protección sin renunciar a la ligereza. Diseñada para usarse junto con el chaleco MOTOAIRBAG V4, ofrece una solución completa y segura para cada salida en moto. Fabricada en poliéster de alta tenacidad, resiste el uso diario manteniendo la comodidad y la transpirabilidad incluso en los días más calurosos. Disponible en tres tallas, fácil de lavar y lista para convertirse en tu compañera ideal de viaje en moto." />
<meta property="og:url" content="https://www.motoairbag.com/es/shop/accesorios-y-recargas/chaqueta-mab-v4/" />
<meta property="og:site_name" content="Motoairbag - L&#039;airbag per i motociclisti" />
<meta property="article:modified_time" content="2026-03-30T08:57:25+00:00" />
<meta property="og:image" content="https://www.motoairbag.com/wp-content/uploads/2022/06/maniche1_rid-scaled.jpg" />
	<meta property="og:image:width" content="2560" />
	<meta property="og:image:height" content="2560" />
	<meta property="og:image:type" content="image/jpeg" />
<meta name="twitter:card" content="summary_large_image" />
<meta name="twitter:label1" content="Tiempo de lectura" />
	<meta name="twitter:data1" content="1 minuto" />
<script type="application/ld+json" class="yoast-schema-graph">{"@context":"https://schema.org","@graph":[{"@type":"WebPage","@id":"https://www.motoairbag.com/es/shop/accesorios-y-recargas/chaqueta-mab-v4/","url":"https://www.motoairbag.com/es/shop/accesorios-y-recargas/chaqueta-mab-v4/","name":"CHAQUETA MAB V4 - Motoairbag - L&#039;airbag per i motociclisti","isPartOf":{"@id":"https://www.motoairbag.com/#website"},"primaryImageOfPage":{"@id":"https://www.motoairbag.com/es/shop/accesorios-y-recargas/chaqueta-mab-v4/#primaryimage"},"image":{"@id":"https://www.motoairbag.com/es/shop/accesorios-y-recargas/chaqueta-mab-v4/#primaryimage"},"thumbnailUrl":"https://www.motoairbag.com/wp-content/uploads/2022/06/maniche1_rid-scaled.jpg","datePublished":"2023-11-28T10:34:43+00:00","dateModified":"2026-03-30T08:57:25+00:00","breadcrumb":{"@id":"https://www.motoairbag.com/es/shop/accesorios-y-recargas/chaqueta-mab-v4/#breadcrumb"},"inLanguage":"es","potentialAction":[{"@type":"ReadAction","target":["https://www.motoairbag.com/es/shop/accesorios-y-recargas/chaqueta-mab-v4/"]}]},{"@type":"ImageObject","inLanguage":"es","@id":"https://www.motoairbag.com/es/shop/accesorios-y-recargas/chaqueta-mab-v4/#primaryimage","url":"https://www.motoairbag.com/wp-content/uploads/2022/06/maniche1_rid-scaled.jpg","contentUrl":"https://www.motoairbag.com/wp-content/uploads/2022/06/maniche1_rid-scaled.jpg","width":2560,"height":2560},{"@type":"BreadcrumbList","@id":"https://www.motoairbag.com/es/shop/accesorios-y-recargas/chaqueta-mab-v4/#breadcrumb","itemListElement":[{"@type":"ListItem","position":1,"name":"Home","item":"https://www.motoairbag.com/es/"},{"@type":"ListItem","position":2,"name":"Shop","item":"https://www.motoairbag.com/shop/"},{"@type":"ListItem","position":3,"name":"CHAQUETA MAB V4"}]},{"@type":"WebSite","@id":"https://www.motoairbag.com/#website","url":"https://www.motoairbag.com/","name":"Motoairbag - L&#039;airbag per i motociclisti","description":"","publisher":{"@id":"https://www.motoairbag.com/#organization"},"potentialAction":[{"@type":"SearchAction","target":{"@type":"EntryPoint","urlTemplate":"https://www.motoairbag.com/?s={search_term_string}"},"query-input":{"@type":"PropertyValueSpecification","valueRequired":true,"valueName":"search_term_string"}}],"inLanguage":"es"},{"@type":"Organization","@id":"https://www.motoairbag.com/#organization","name":"Motoairbag - L&#039;airbag per i motociclisti","url":"https://www.motoairbag.com/","logo":{"@type":"ImageObject","inLanguage":"es","@id":"https://www.motoairbag.com/#/schema/logo/image/","url":"https://www.motoairbag.com/wp-content/uploads/2022/11/logo-final.jpg","contentUrl":"https://www.motoairbag.com/wp-content/uploads/2022/11/logo-final.jpg","width":609,"height":80,"caption":"Motoairbag - L&#039;airbag per i motociclisti"},"image":{"@id":"https://www.motoairbag.com/#/schema/logo/image/"}}]}</script>
<!-- / Yoast SEO plugin. -->

Chaqueta de primavera/verano perfecta para quienes buscan comodidad y seguridad, compatible exclusivamente con los modelos MAB V4 y MAB V4 MODULAR.Equipada con protecciones rígidas en hombros y codos EN1621-1 Nivel 2, garantiza protección sin renunciar a la ligereza. Diseñada para usarse junto con el chaleco MOTOAIRBAG V4, ofrece una solución completa y segura para cada salida en moto. Fabricada en poliéster de alta tenacidad, resiste el uso diario manteniendo la comodidad y la transpirabilidad incluso en los días más calurosos. Disponible en tres tallas, fácil de lavar y lista para convertirse en tu compañera ideal de viaje en moto.
